{"id":611,"date":"2024-06-20T06:00:41","date_gmt":"2024-06-20T04:00:41","guid":{"rendered":"https:\/\/mazdyncrea.com\/?post_type=product&#038;p=611"},"modified":"2025-12-11T04:37:34","modified_gmt":"2025-12-11T03:37:34","slug":"fiole-ariel","status":"publish","type":"product","link":"https:\/\/mazdyncrea.com\/index.php\/produit\/fiole-ariel\/","title":{"rendered":"Fiole &#8211; Ariel"},"content":{"rendered":"<p>Fiole d&rsquo;Ariel<\/p>\n<p>Mod\u00e8le unique<\/p>\n<p>Ariel est une sir\u00e8ne jeune et amoureuse. Elle est curieuse, et r\u00eave d&rsquo;aventure. C&rsquo;est une sir\u00e8ne qui ne manque pas de force et de courage. Elle arrive \u00e0 voir ce qu&rsquo;il y a de meilleur chez les autres. Dans les profondeurs des oc\u00e9ans, elle s&rsquo;est faite cette fiole. Cette fiole est compos\u00e9e de coquillages, de perles et de min\u00e9raux. Les min\u00e9raux sont l&rsquo;aventurine, grenat almandine et l&rsquo;amazonites. Les vertus de ces pierres sont l&rsquo;ouverture du c\u0153ur et de l&rsquo;esprit, la force, le courage, le bonheur et l&rsquo;apaisement.<\/p>\n<p>Mesure : 5.5 x 8 cm<\/p>\n<p>Possibilit\u00e9 de faire un envoie via vinted, me contacter via l&rsquo;onglet contacte ou par mail mazdyncrea@gmail.com<\/p>\n","protected":false},"excerpt":{"rendered":"<p>Fiole &#8211; Ariel &#8211; Mod\u00e8le unique<\/p>\n","protected":false},"featured_media":773,"comment_status":"open","ping_status":"closed","template":"","meta":[],"product_brand":[],"product_cat":[19],"product_tag":[],"class_list":{"0":"post-611","1":"product","2":"type-product","3":"status-publish","4":"has-post-thumbnail","6":"product_cat-fioles","7":"product_shipping_class-colis-fioles-peluches-solidaires","9":"entry","10":"has-media","12":"first","13":"instock","14":"shipping-taxable","15":"purchasable","16":"product-type-simple","17":"has-product-nav","18":"col","19":"span_1_of_3","20":"owp-content-center","21":"owp-thumbs-layout-horizontal","22":"owp-btn-normal","23":"owp-tabs-layout-horizontal","25":"circle-sale"},"_links":{"self":[{"href":"https:\/\/mazdyncrea.com\/index.php\/wp-json\/wp\/v2\/product\/611","targetHints":{"allow":["GET"]}}],"collection":[{"href":"https:\/\/mazdyncrea.com\/index.php\/wp-json\/wp\/v2\/product"}],"about":[{"href":"https:\/\/mazdyncrea.com\/index.php\/wp-json\/wp\/v2\/types\/product"}],"replies":[{"embeddable":true,"href":"https:\/\/mazdyncrea.com\/index.php\/wp-json\/wp\/v2\/comments?post=611"}],"wp:featuredmedia":[{"embeddable":true,"href":"https:\/\/mazdyncrea.com\/index.php\/wp-json\/wp\/v2\/media\/773"}],"wp:attachment":[{"href":"https:\/\/mazdyncrea.com\/index.php\/wp-json\/wp\/v2\/media?parent=611"}],"wp:term":[{"taxonomy":"product_brand","embeddable":true,"href":"https:\/\/mazdyncrea.com\/index.php\/wp-json\/wp\/v2\/product_brand?post=611"},{"taxonomy":"product_cat","embeddable":true,"href":"https:\/\/mazdyncrea.com\/index.php\/wp-json\/wp\/v2\/product_cat?post=611"},{"taxonomy":"product_tag","embeddable":true,"href":"https:\/\/mazdyncrea.com\/index.php\/wp-json\/wp\/v2\/product_tag?post=611"}],"curies":[{"name":"wp","href":"https:\/\/api.w.org\/{rel}","templated":true}]}}