{"id":594,"date":"2024-04-29T14:24:10","date_gmt":"2024-04-29T12:24:10","guid":{"rendered":"https:\/\/mazdyncrea.com\/?post_type=product&#038;p=594"},"modified":"2025-12-23T09:44:38","modified_gmt":"2025-12-23T08:44:38","slug":"carte-inspirante-je-tiens-a-toi-je-suis-la-si-tu-as-besoin","status":"publish","type":"product","link":"https:\/\/mazdyncrea.com\/index.php\/produit\/carte-inspirante-je-tiens-a-toi-je-suis-la-si-tu-as-besoin\/","title":{"rendered":"Carte Inspirante &#8211; Je tiens \u00e0 toi, je suis l\u00e0 si tu as besoin"},"content":{"rendered":"<p>Carte Inspirante, Je tiens \u00e0 toi, je suis l\u00e0 si tu as besoin<\/p>\n<p>Elle est peinte \u00e0 la main, plastifi\u00e9e.<br \/>\nLa carte est unique, le th\u00e8me peut \u00eatre reproduit.<\/p>\n<p>Petite carte pour soi ou \u00e0 envoyer \u00e0 une personne \u00e0 qui<br \/>\non tient.<br \/>\nPr\u00e9commande ouverte.<\/p>\n<p>Les bords peuvent \u00eatre couper.<\/p>\n<p>7.5 x 12.5 cm la carte<br \/>\n11 x 16 cm avec les bords<\/p>\n<p>Possibilit\u00e9 de faire un envoie via vinted, me contacter via l&rsquo;onglet contacte ou par mail mazdyncrea@gmail.com<\/p>\n","protected":false},"excerpt":{"rendered":"<p>Carte inspirante &#8211; Ourson, c\u0153ur &#8211; Je tiens \u00e0 toi, je suis l\u00e0 si tu as besoin<\/p>\n","protected":false},"featured_media":721,"comment_status":"open","ping_status":"closed","template":"","meta":[],"product_brand":[],"product_cat":[22],"product_tag":[],"class_list":{"0":"post-594","1":"product","2":"type-product","3":"status-publish","4":"has-post-thumbnail","6":"product_cat-cartes-inspirantes","7":"product_shipping_class-lettres-photos-illus-cartes-peintures","9":"entry","10":"has-media","12":"first","13":"instock","14":"shipping-taxable","15":"purchasable","16":"product-type-simple","17":"has-product-nav","18":"col","19":"span_1_of_3","20":"owp-content-center","21":"owp-thumbs-layout-horizontal","22":"owp-btn-normal","23":"owp-tabs-layout-horizontal","25":"circle-sale"},"_links":{"self":[{"href":"https:\/\/mazdyncrea.com\/index.php\/wp-json\/wp\/v2\/product\/594","targetHints":{"allow":["GET"]}}],"collection":[{"href":"https:\/\/mazdyncrea.com\/index.php\/wp-json\/wp\/v2\/product"}],"about":[{"href":"https:\/\/mazdyncrea.com\/index.php\/wp-json\/wp\/v2\/types\/product"}],"replies":[{"embeddable":true,"href":"https:\/\/mazdyncrea.com\/index.php\/wp-json\/wp\/v2\/comments?post=594"}],"wp:featuredmedia":[{"embeddable":true,"href":"https:\/\/mazdyncrea.com\/index.php\/wp-json\/wp\/v2\/media\/721"}],"wp:attachment":[{"href":"https:\/\/mazdyncrea.com\/index.php\/wp-json\/wp\/v2\/media?parent=594"}],"wp:term":[{"taxonomy":"product_brand","embeddable":true,"href":"https:\/\/mazdyncrea.com\/index.php\/wp-json\/wp\/v2\/product_brand?post=594"},{"taxonomy":"product_cat","embeddable":true,"href":"https:\/\/mazdyncrea.com\/index.php\/wp-json\/wp\/v2\/product_cat?post=594"},{"taxonomy":"product_tag","embeddable":true,"href":"https:\/\/mazdyncrea.com\/index.php\/wp-json\/wp\/v2\/product_tag?post=594"}],"curies":[{"name":"wp","href":"https:\/\/api.w.org\/{rel}","templated":true}]}}