{"id":1839,"date":"2025-09-17T06:00:21","date_gmt":"2025-09-17T04:00:21","guid":{"rendered":"https:\/\/mazdyncrea.com\/?post_type=product&#038;p=1839"},"modified":"2025-12-11T04:37:33","modified_gmt":"2025-12-11T03:37:33","slug":"poupee-malefique-annie","status":"publish","type":"product","link":"https:\/\/mazdyncrea.com\/index.php\/produit\/poupee-malefique-annie\/","title":{"rendered":"Poup\u00e9e Mal\u00e9fique &#8211; Annie"},"content":{"rendered":"<p>Peinture &#8211; Poup\u00e9e Mal\u00e9fique &#8211; Annie<\/p>\n<p>Dessin fait avec crayon de couleur, peinture \u00e0 l&rsquo;huile, r\u00e9cup de maquillage, faux sang.<br \/>\nAu verso, il y a son histoire, dessin plastifier.<\/p>\n<p>Annie est une poup\u00e9e aux cheveux courts brune, ne vous fiez pas \u00e0 son air innocent. Personne ne peut imaginer \u00e0 quel point elle peut devenir terrifiante. Oseriez-vous approcher vos mains de son visage ? Je vous le d\u00e9conseille.<br \/>\nLorsqu\u2019elle sourit, nous pouvons entrevoir ses dents tranchantes. Les personnes qui se sont trop approch\u00e9es, celles encore vivante, ont perdu quelques doigts voir leur main.<br \/>\nElle se d\u00e9lecte de la chair humaine, elle peut manger des chairs animales, mais elle pr\u00e9f\u00e8re le go\u00fbt de la chair humaine.<br \/>\nSeriez-vous pr\u00eat \u00e0 vous laisser convaincre par son air innocent ?<\/p>\n<p>Mesure en comptant plastique : 12 x 15,4 cm<\/p>\n","protected":false},"excerpt":{"rendered":"<p>Peinture poup\u00e9e mal\u00e9fique Annie<\/p>\n","protected":false},"featured_media":1846,"comment_status":"open","ping_status":"closed","template":"","meta":[],"product_brand":[],"product_cat":[23],"product_tag":[],"class_list":{"0":"post-1839","1":"product","2":"type-product","3":"status-publish","4":"has-post-thumbnail","6":"product_cat-peintures","7":"product_shipping_class-lettres-photos-illus-cartes-peintures","9":"entry","10":"has-media","12":"first","13":"instock","14":"shipping-taxable","15":"purchasable","16":"product-type-simple","17":"has-product-nav","18":"col","19":"span_1_of_3","20":"owp-content-center","21":"owp-thumbs-layout-horizontal","22":"owp-btn-normal","23":"owp-tabs-layout-horizontal","25":"circle-sale"},"_links":{"self":[{"href":"https:\/\/mazdyncrea.com\/index.php\/wp-json\/wp\/v2\/product\/1839","targetHints":{"allow":["GET"]}}],"collection":[{"href":"https:\/\/mazdyncrea.com\/index.php\/wp-json\/wp\/v2\/product"}],"about":[{"href":"https:\/\/mazdyncrea.com\/index.php\/wp-json\/wp\/v2\/types\/product"}],"replies":[{"embeddable":true,"href":"https:\/\/mazdyncrea.com\/index.php\/wp-json\/wp\/v2\/comments?post=1839"}],"wp:featuredmedia":[{"embeddable":true,"href":"https:\/\/mazdyncrea.com\/index.php\/wp-json\/wp\/v2\/media\/1846"}],"wp:attachment":[{"href":"https:\/\/mazdyncrea.com\/index.php\/wp-json\/wp\/v2\/media?parent=1839"}],"wp:term":[{"taxonomy":"product_brand","embeddable":true,"href":"https:\/\/mazdyncrea.com\/index.php\/wp-json\/wp\/v2\/product_brand?post=1839"},{"taxonomy":"product_cat","embeddable":true,"href":"https:\/\/mazdyncrea.com\/index.php\/wp-json\/wp\/v2\/product_cat?post=1839"},{"taxonomy":"product_tag","embeddable":true,"href":"https:\/\/mazdyncrea.com\/index.php\/wp-json\/wp\/v2\/product_tag?post=1839"}],"curies":[{"name":"wp","href":"https:\/\/api.w.org\/{rel}","templated":true}]}}