{"id":1607,"date":"2025-06-19T06:00:09","date_gmt":"2025-06-19T04:00:09","guid":{"rendered":"https:\/\/mazdyncrea.com\/?post_type=product&#038;p=1607"},"modified":"2025-12-11T04:37:32","modified_gmt":"2025-12-11T03:37:32","slug":"impression-snailtober-2024-planche-1-et-2","status":"publish","type":"product","link":"https:\/\/mazdyncrea.com\/index.php\/produit\/impression-snailtober-2024-planche-1-et-2\/","title":{"rendered":"Impression &#8211; Snailtober 2024 Planche 1 et 2"},"content":{"rendered":"<p>Impression &#8211; Snailtober 2024<\/p>\n<p>Planche 1 et 2<\/p>\n<p>Octobre 2024, j&rsquo;ai particip\u00e9 au snailtober organiser par @oeildesaturne.<\/p>\n<p>Vous pouvez voir les marque-pages que j&rsquo;ai faits avec les versions originales. Mais si vous souhaitiez avoir les dessins ensemble, c&rsquo;est possible.<br \/>\nVous avez la possibilit\u00e9 de choisir entre la planche 1 et 2 ou les deux, en fonction de vos pr\u00e9f\u00e9rences.<\/p>\n<p>Mesure : 29,5 x 21,5 cm, papier photo de qualit\u00e9 sup\u00e9rieure mate.<\/p>\n","protected":false},"excerpt":{"rendered":"<p>Impression Snailtober 2024<\/p>\n","protected":false},"featured_media":1657,"comment_status":"open","ping_status":"closed","template":"","meta":[],"product_brand":[],"product_cat":[24],"product_tag":[],"class_list":{"0":"post-1607","1":"product","2":"type-product","3":"status-publish","4":"has-post-thumbnail","6":"product_cat-illustrations-impression","7":"product_shipping_class-lettres-photos-illus-cartes-peintures","9":"entry","10":"has-media","12":"first","13":"instock","14":"shipping-taxable","15":"purchasable","16":"product-type-simple","17":"has-product-nav","18":"col","19":"span_1_of_3","20":"owp-content-center","21":"owp-thumbs-layout-horizontal","22":"owp-btn-normal","23":"owp-tabs-layout-horizontal","25":"circle-sale"},"_links":{"self":[{"href":"https:\/\/mazdyncrea.com\/index.php\/wp-json\/wp\/v2\/product\/1607","targetHints":{"allow":["GET"]}}],"collection":[{"href":"https:\/\/mazdyncrea.com\/index.php\/wp-json\/wp\/v2\/product"}],"about":[{"href":"https:\/\/mazdyncrea.com\/index.php\/wp-json\/wp\/v2\/types\/product"}],"replies":[{"embeddable":true,"href":"https:\/\/mazdyncrea.com\/index.php\/wp-json\/wp\/v2\/comments?post=1607"}],"wp:featuredmedia":[{"embeddable":true,"href":"https:\/\/mazdyncrea.com\/index.php\/wp-json\/wp\/v2\/media\/1657"}],"wp:attachment":[{"href":"https:\/\/mazdyncrea.com\/index.php\/wp-json\/wp\/v2\/media?parent=1607"}],"wp:term":[{"taxonomy":"product_brand","embeddable":true,"href":"https:\/\/mazdyncrea.com\/index.php\/wp-json\/wp\/v2\/product_brand?post=1607"},{"taxonomy":"product_cat","embeddable":true,"href":"https:\/\/mazdyncrea.com\/index.php\/wp-json\/wp\/v2\/product_cat?post=1607"},{"taxonomy":"product_tag","embeddable":true,"href":"https:\/\/mazdyncrea.com\/index.php\/wp-json\/wp\/v2\/product_tag?post=1607"}],"curies":[{"name":"wp","href":"https:\/\/api.w.org\/{rel}","templated":true}]}}