{"id":1602,"date":"2025-06-19T06:00:33","date_gmt":"2025-06-19T04:00:33","guid":{"rendered":"https:\/\/mazdyncrea.com\/?post_type=product&#038;p=1602"},"modified":"2025-12-11T04:37:31","modified_gmt":"2025-12-11T03:37:31","slug":"illustration-test-sur-moi-pas-sur-eux","status":"publish","type":"product","link":"https:\/\/mazdyncrea.com\/index.php\/produit\/illustration-test-sur-moi-pas-sur-eux\/","title":{"rendered":"Illustration &#8211; Test sur moi, pas sur eux"},"content":{"rendered":"<p>Illustration &#8211; Test sur moi, pas sur eux<\/p>\n<p>Cette illustration, cela fait un moment que je l&rsquo;ai en t\u00eate. Je vais souvent \u00e0 l&rsquo;h\u00f4pital, surtout plus jeune. J&rsquo;ai toujours \u00e9t\u00e9 d&rsquo;accord pour les tests, pr\u00e9l\u00e8vements sur moi, pour la recherche. J&rsquo;\u00e9tais hyper na\u00efve en me disant, si je dis oui pour moi les animaux seront tranquille. Malheureusement, cela ne se passe pas comme \u00e7a, c&rsquo;est d&rsquo;abord des test sur les animaux, avant de tester sur les humains.<\/p>\n<p>Je ne comprends toujours pas comment rendre des animaux malades peut aider. Surtout, aujourd&rsquo;hui, quand on sait qu&rsquo;avec des cellules de personnes malades, on peut tester sur elleux. Certes, il y a 100 ans, je ne dis pas et encore, mais maintenant avec les technologies. En plus, la plupart des maladies orphelines n&rsquo;existent pas chez les animaux ou en tout cas, les sympt\u00f4mes sont diff\u00e9rents et les traitements aussi.<\/p>\n<p>Format A4, papier photo de qualit\u00e9 sup\u00e9rieure<\/p>\n","protected":false},"excerpt":{"rendered":"<p>Illustration contre les testes sur les animaux<\/p>\n","protected":false},"featured_media":1598,"comment_status":"open","ping_status":"closed","template":"","meta":[],"product_brand":[],"product_cat":[24],"product_tag":[],"class_list":{"0":"post-1602","1":"product","2":"type-product","3":"status-publish","4":"has-post-thumbnail","6":"product_cat-illustrations-impression","7":"product_shipping_class-lettres-photos-illus-cartes-peintures","9":"entry","10":"has-media","12":"first","13":"instock","14":"shipping-taxable","15":"purchasable","16":"product-type-simple","17":"has-product-nav","18":"col","19":"span_1_of_3","20":"owp-content-center","21":"owp-thumbs-layout-horizontal","22":"owp-btn-normal","23":"owp-tabs-layout-horizontal","25":"circle-sale"},"_links":{"self":[{"href":"https:\/\/mazdyncrea.com\/index.php\/wp-json\/wp\/v2\/product\/1602","targetHints":{"allow":["GET"]}}],"collection":[{"href":"https:\/\/mazdyncrea.com\/index.php\/wp-json\/wp\/v2\/product"}],"about":[{"href":"https:\/\/mazdyncrea.com\/index.php\/wp-json\/wp\/v2\/types\/product"}],"replies":[{"embeddable":true,"href":"https:\/\/mazdyncrea.com\/index.php\/wp-json\/wp\/v2\/comments?post=1602"}],"wp:featuredmedia":[{"embeddable":true,"href":"https:\/\/mazdyncrea.com\/index.php\/wp-json\/wp\/v2\/media\/1598"}],"wp:attachment":[{"href":"https:\/\/mazdyncrea.com\/index.php\/wp-json\/wp\/v2\/media?parent=1602"}],"wp:term":[{"taxonomy":"product_brand","embeddable":true,"href":"https:\/\/mazdyncrea.com\/index.php\/wp-json\/wp\/v2\/product_brand?post=1602"},{"taxonomy":"product_cat","embeddable":true,"href":"https:\/\/mazdyncrea.com\/index.php\/wp-json\/wp\/v2\/product_cat?post=1602"},{"taxonomy":"product_tag","embeddable":true,"href":"https:\/\/mazdyncrea.com\/index.php\/wp-json\/wp\/v2\/product_tag?post=1602"}],"curies":[{"name":"wp","href":"https:\/\/api.w.org\/{rel}","templated":true}]}}