{"id":1560,"date":"2025-06-19T06:00:32","date_gmt":"2025-06-19T04:00:32","guid":{"rendered":"https:\/\/mazdyncrea.com\/?post_type=product&#038;p=1560"},"modified":"2025-12-11T04:37:31","modified_gmt":"2025-12-11T03:37:31","slug":"carte-postale-inspiration-sakura","status":"publish","type":"product","link":"https:\/\/mazdyncrea.com\/index.php\/produit\/carte-postale-inspiration-sakura\/","title":{"rendered":"Carte Postale &#8211; Inspiration Sakura"},"content":{"rendered":"<p>Carte Postale &#8211; Inspiration Sakura<\/p>\n<p>R\u00e9cemment, Netflix a mis en ligne la s\u00e9rie Sakura, c&rsquo;est un anim\u00e9 que je regardais petite. J&rsquo;ai replong\u00e9 en enfance le temps du visionnage et je n&rsquo;ai pas pu m&#8217;emp\u00eacher d&rsquo;en faire une peinture. J&rsquo;ai d\u00e9cid\u00e9 de faire une Sakura un peu plus \u00e2g\u00e9e.<\/p>\n<p>Carte unique.<\/p>\n<p>Peint \u00e0 la main, peinture aquarelle, sur papier aquarelle sp\u00e9cial carte postale.<\/p>\n<p>Format 10 x 15 cm<\/p>\n<p>Possibilit\u00e9 de faire un envoie via vinted, me contacter via l\u2019onglet contacte ou par mail mazdyncrea@gmail.com<\/p>\n","protected":false},"excerpt":{"rendered":"<p>Carte Postale inspiration Sakura aquarelle<\/p>\n","protected":false},"featured_media":1543,"comment_status":"open","ping_status":"closed","template":"","meta":[],"product_brand":[],"product_cat":[29],"product_tag":[],"class_list":{"0":"post-1560","1":"product","2":"type-product","3":"status-publish","4":"has-post-thumbnail","6":"product_cat-cartes-postales","7":"product_shipping_class-lettres-photos-illus-cartes-peintures","9":"entry","10":"has-media","12":"first","13":"instock","14":"shipping-taxable","15":"purchasable","16":"product-type-simple","17":"has-product-nav","18":"col","19":"span_1_of_3","20":"owp-content-center","21":"owp-thumbs-layout-horizontal","22":"owp-btn-normal","23":"owp-tabs-layout-horizontal","25":"circle-sale"},"_links":{"self":[{"href":"https:\/\/mazdyncrea.com\/index.php\/wp-json\/wp\/v2\/product\/1560","targetHints":{"allow":["GET"]}}],"collection":[{"href":"https:\/\/mazdyncrea.com\/index.php\/wp-json\/wp\/v2\/product"}],"about":[{"href":"https:\/\/mazdyncrea.com\/index.php\/wp-json\/wp\/v2\/types\/product"}],"replies":[{"embeddable":true,"href":"https:\/\/mazdyncrea.com\/index.php\/wp-json\/wp\/v2\/comments?post=1560"}],"wp:featuredmedia":[{"embeddable":true,"href":"https:\/\/mazdyncrea.com\/index.php\/wp-json\/wp\/v2\/media\/1543"}],"wp:attachment":[{"href":"https:\/\/mazdyncrea.com\/index.php\/wp-json\/wp\/v2\/media?parent=1560"}],"wp:term":[{"taxonomy":"product_brand","embeddable":true,"href":"https:\/\/mazdyncrea.com\/index.php\/wp-json\/wp\/v2\/product_brand?post=1560"},{"taxonomy":"product_cat","embeddable":true,"href":"https:\/\/mazdyncrea.com\/index.php\/wp-json\/wp\/v2\/product_cat?post=1560"},{"taxonomy":"product_tag","embeddable":true,"href":"https:\/\/mazdyncrea.com\/index.php\/wp-json\/wp\/v2\/product_tag?post=1560"}],"curies":[{"name":"wp","href":"https:\/\/api.w.org\/{rel}","templated":true}]}}