{"id":1458,"date":"2025-03-20T06:00:18","date_gmt":"2025-03-20T05:00:18","guid":{"rendered":"https:\/\/mazdyncrea.com\/?post_type=product&#038;p=1458"},"modified":"2025-12-11T04:37:33","modified_gmt":"2025-12-11T03:37:33","slug":"nymphe-alcippe","status":"publish","type":"product","link":"https:\/\/mazdyncrea.com\/index.php\/produit\/nymphe-alcippe\/","title":{"rendered":"Nymphe Alcippe"},"content":{"rendered":"<p><span style=\"color: #000000;\"><span style=\"font-family: Arial, sans-serif;\">Nymphe de la for\u00eat <\/span><\/span><\/p>\n<p><span style=\"color: #000000;\"><span style=\"font-family: Arial, sans-serif;\">Alcippe<\/span><\/span><\/p>\n<p><span style=\"color: #000000;\"><span style=\"font-family: Arial, sans-serif;\">Cette nymphe curieuse se retrouve g\u00e9n\u00e9ralement dans les for\u00eats, mais d\u00e8s qu\u2019il y a de la v\u00e9g\u00e9tation, nous pouvons tenter de l\u2019apercevoir. Elle se d\u00e9place \u00e0 travers les arbres et les buissons, pour aller dans diff\u00e9rents lieux. Elle veille sur la v\u00e9g\u00e9tation et les animaux. <\/span><\/span><\/p>\n<p><span style=\"color: #000000;\"><span style=\"font-family: Arial, sans-serif;\">Dessin au crayon de couleur, r\u00e9cup de maquillage, marqueur sur du papier canson et plastifier<br \/>\nDessin recto\/verso unique, nymphe d&rsquo;un c\u00f4t\u00e9 et son histoire de l&rsquo;autre.<br \/>\nDimension : 16.8 x 13.2 cm.<\/span><\/span><\/p>\n","protected":false},"excerpt":{"rendered":"<p>Nymphe Alcippe &#8211; Dessin et histoire<\/p>\n","protected":false},"featured_media":1422,"comment_status":"open","ping_status":"closed","template":"","meta":[],"product_brand":[],"product_cat":[23],"product_tag":[],"class_list":{"0":"post-1458","1":"product","2":"type-product","3":"status-publish","4":"has-post-thumbnail","6":"product_cat-peintures","7":"product_shipping_class-lettres-photos-illus-cartes-peintures","9":"entry","10":"has-media","12":"first","13":"instock","14":"shipping-taxable","15":"purchasable","16":"product-type-simple","17":"has-product-nav","18":"col","19":"span_1_of_3","20":"owp-content-center","21":"owp-thumbs-layout-horizontal","22":"owp-btn-normal","23":"owp-tabs-layout-horizontal","25":"circle-sale"},"_links":{"self":[{"href":"https:\/\/mazdyncrea.com\/index.php\/wp-json\/wp\/v2\/product\/1458","targetHints":{"allow":["GET"]}}],"collection":[{"href":"https:\/\/mazdyncrea.com\/index.php\/wp-json\/wp\/v2\/product"}],"about":[{"href":"https:\/\/mazdyncrea.com\/index.php\/wp-json\/wp\/v2\/types\/product"}],"replies":[{"embeddable":true,"href":"https:\/\/mazdyncrea.com\/index.php\/wp-json\/wp\/v2\/comments?post=1458"}],"wp:featuredmedia":[{"embeddable":true,"href":"https:\/\/mazdyncrea.com\/index.php\/wp-json\/wp\/v2\/media\/1422"}],"wp:attachment":[{"href":"https:\/\/mazdyncrea.com\/index.php\/wp-json\/wp\/v2\/media?parent=1458"}],"wp:term":[{"taxonomy":"product_brand","embeddable":true,"href":"https:\/\/mazdyncrea.com\/index.php\/wp-json\/wp\/v2\/product_brand?post=1458"},{"taxonomy":"product_cat","embeddable":true,"href":"https:\/\/mazdyncrea.com\/index.php\/wp-json\/wp\/v2\/product_cat?post=1458"},{"taxonomy":"product_tag","embeddable":true,"href":"https:\/\/mazdyncrea.com\/index.php\/wp-json\/wp\/v2\/product_tag?post=1458"}],"curies":[{"name":"wp","href":"https:\/\/api.w.org\/{rel}","templated":true}]}}