{"id":83,"date":"2024-04-02T15:04:44","date_gmt":"2024-04-02T13:04:44","guid":{"rendered":"https:\/\/mazdyncrea.com\/?page_id=83"},"modified":"2024-08-26T11:02:42","modified_gmt":"2024-08-26T09:02:42","slug":"a-propos","status":"publish","type":"page","link":"https:\/\/mazdyncrea.com\/index.php\/a-propos\/","title":{"rendered":"\u00c0 propos"},"content":{"rendered":"\t\t<div data-elementor-type=\"wp-page\" data-elementor-id=\"83\" class=\"elementor elementor-83\">\n\t\t\t\t<div class=\"elementor-element elementor-element-b7a7305 e-flex e-con-boxed e-con e-parent\" data-id=\"b7a7305\" data-element_type=\"container\" data-e-type=\"container\">\n\t\t\t\t\t<div class=\"e-con-inner\">\n\t\t<div class=\"elementor-element elementor-element-34e6b8c e-con-full e-flex e-con e-child\" data-id=\"34e6b8c\" data-element_type=\"container\" data-e-type=\"container\">\n\t\t\t\t<div class=\"elementor-element elementor-element-9bdb8c1 elementor-widget elementor-widget-image\" data-id=\"9bdb8c1\" data-element_type=\"widget\" data-e-type=\"widget\" data-widget_type=\"image.default\">\n\t\t\t\t<div class=\"elementor-widget-container\">\n\t\t\t\t\t\t\t\t\t\t\t\t\t\t\t<img decoding=\"async\" src=\"https:\/\/mazdyncrea.com\/wp-content\/uploads\/elementor\/thumbs\/Petite-Fleur-0-45-qmr4ikou8ehst501gl52u3ke5wydbc3qzs0y9pf608.jpg\" title=\"Mazdyn Cr\u00e9a\" alt=\"Mazdyn Cr\u00e9a\" loading=\"lazy\" \/>\t\t\t\t\t\t\t\t\t\t\t\t\t\t\t<\/div>\n\t\t\t\t<\/div>\n\t\t\t\t<\/div>\n\t\t<div class=\"elementor-element elementor-element-534a507 e-con-full e-flex e-con e-child\" data-id=\"534a507\" data-element_type=\"container\" data-e-type=\"container\">\n\t\t\t\t<div class=\"elementor-element elementor-element-e6d6026 elementor-widget elementor-widget-spacer\" data-id=\"e6d6026\" data-element_type=\"widget\" data-e-type=\"widget\" data-widget_type=\"spacer.default\">\n\t\t\t\t<div class=\"elementor-widget-container\">\n\t\t\t\t\t\t\t<div class=\"elementor-spacer\">\n\t\t\t<div class=\"elementor-spacer-inner\"><\/div>\n\t\t<\/div>\n\t\t\t\t\t\t<\/div>\n\t\t\t\t<\/div>\n\t\t\t\t<div class=\"elementor-element elementor-element-bd4df4c elementor-widget elementor-widget-heading\" data-id=\"bd4df4c\" data-element_type=\"widget\" data-e-type=\"widget\" data-widget_type=\"heading.default\">\n\t\t\t\t<div class=\"elementor-widget-container\">\n\t\t\t\t\t<h2 class=\"elementor-heading-title elementor-size-default\">Qui suis-je ?<\/h2>\t\t\t\t<\/div>\n\t\t\t\t<\/div>\n\t\t\t\t<div class=\"elementor-element elementor-element-834ac49 elementor-widget elementor-widget-spacer\" data-id=\"834ac49\" data-element_type=\"widget\" data-e-type=\"widget\" data-widget_type=\"spacer.default\">\n\t\t\t\t<div class=\"elementor-widget-container\">\n\t\t\t\t\t\t\t<div class=\"elementor-spacer\">\n\t\t\t<div class=\"elementor-spacer-inner\"><\/div>\n\t\t<\/div>\n\t\t\t\t\t\t<\/div>\n\t\t\t\t<\/div>\n\t\t\t\t<div class=\"elementor-element elementor-element-340ab61 elementor-widget elementor-widget-text-editor\" data-id=\"340ab61\" data-element_type=\"widget\" data-e-type=\"widget\" data-widget_type=\"text-editor.default\">\n\t\t\t\t<div class=\"elementor-widget-container\">\n\t\t\t\t\t\t\t\t\t<p>Moi, c\u2019est <strong>Mazdyn<\/strong> alias <strong>Mandy<\/strong>. Je suis une femme handie de 30 ans. Avec ma sant\u00e9, j\u2019ai d\u00fb changer plusieurs fois de projet pour la vie active.<\/p><p>J\u2019ai une licence art de la sc\u00e8ne, un D.U de musicoth\u00e9rapeute clinicienne.<\/p><p>Ma derni\u00e8re crise m\u2019a contraint \u00e0 arr\u00eater un m\u00e9tier que j\u2019aimais. J\u2019ai cherch\u00e9 pendant un moment ce que je pourrais faire.<\/p><p>Depuis presque toujours, je fais des activit\u00e9s manuelles, artistiques pour g\u00e9rer mes douleurs et mes angoisses. Et je me suis dit que \u00e7a serait bien que je concr\u00e9tise en me mettant \u00e0 <strong>mon compte en tant que cr\u00e9atrice<\/strong>.<\/p><p>Les cr\u00e9ations et les r\u00e9assorts se font en fonction de mon \u00e9tat, qui est au jour le jour. Avec mes soins, il faut savoir que si j\u2019arrive \u00e0 atteindre le mi-temps, c\u2019est d\u00e9j\u00e0 bien \ud83d\ude42<\/p>\t\t\t\t\t\t\t\t<\/div>\n\t\t\t\t<\/div>\n\t\t\t\t<div class=\"elementor-element elementor-element-5422ad4 elementor-widget elementor-widget-heading\" data-id=\"5422ad4\" data-element_type=\"widget\" data-e-type=\"widget\" data-widget_type=\"heading.default\">\n\t\t\t\t<div class=\"elementor-widget-container\">\n\t\t\t\t\t<h2 class=\"elementor-heading-title elementor-size-default\">Engagement<\/h2>\t\t\t\t<\/div>\n\t\t\t\t<\/div>\n\t\t\t\t<div class=\"elementor-element elementor-element-172cec2 elementor-widget elementor-widget-spacer\" data-id=\"172cec2\" data-element_type=\"widget\" data-e-type=\"widget\" data-widget_type=\"spacer.default\">\n\t\t\t\t<div class=\"elementor-widget-container\">\n\t\t\t\t\t\t\t<div class=\"elementor-spacer\">\n\t\t\t<div class=\"elementor-spacer-inner\"><\/div>\n\t\t<\/div>\n\t\t\t\t\t\t<\/div>\n\t\t\t\t<\/div>\n\t\t\t\t<div class=\"elementor-element elementor-element-fe0aed6 elementor-widget elementor-widget-text-editor\" data-id=\"fe0aed6\" data-element_type=\"widget\" data-e-type=\"widget\" data-widget_type=\"text-editor.default\">\n\t\t\t\t<div class=\"elementor-widget-container\">\n\t\t\t\t\t\t\t\t\t<p>\u00c9tant <strong>vegan et pour l\u2019\u00e9cologie<\/strong>, j\u2019utilise de la r\u00e9cup pour certaines \u0153uvres, car \u00e0 mon sens, c\u2019est mieux que de jeter.<\/p><p>Je m\u2019emploie \u00e0 faire attention dans les achats de nouveaux mat\u00e9riaux afin de prendre des <strong>mat\u00e9riaux \u00e9cologiques<\/strong> et\/ou <strong>vegan<\/strong>, lorsque cela est possible.<\/p>\t\t\t\t\t\t\t\t<\/div>\n\t\t\t\t<\/div>\n\t\t\t\t<\/div>\n\t\t\t\t\t<\/div>\n\t\t\t\t<\/div>\n\t\t<div class=\"elementor-element elementor-element-7501a89 e-flex e-con-boxed e-con e-parent\" data-id=\"7501a89\" data-element_type=\"container\" data-e-type=\"container\">\n\t\t\t\t\t<div class=\"e-con-inner\">\n\t\t\t\t<div class=\"elementor-element elementor-element-41ad55b elementor-widget elementor-widget-text-editor\" data-id=\"41ad55b\" data-element_type=\"widget\" data-e-type=\"widget\" data-widget_type=\"text-editor.default\">\n\t\t\t\t<div class=\"elementor-widget-container\">\n\t\t\t\t\t\t\t\t\t<p><strong><span style=\"text-decoration: underline;\">Je propose plusieurs cat\u00e9gories de cr\u00e9ations que voici<\/span><\/strong> : des fioles, des cartes inspirantes, des marque-pages, des cartes postales, des bijoux, des suspensions et aimants, des illustrations, des photos, des peintures et des peluches solidaires. Toutes ces cr\u00e9ations sont \u00e0 d\u00e9couvrir <a href=\"https:\/\/mazdyncrea.com\/index.php\/boutique\/\">sur la boutique<\/a>.<\/p>\t\t\t\t\t\t\t\t<\/div>\n\t\t\t\t<\/div>\n\t\t\t\t\t<\/div>\n\t\t\t\t<\/div>\n\t\t<div class=\"elementor-element elementor-element-9b0afd9 e-flex e-con-boxed e-con e-parent\" data-id=\"9b0afd9\" data-element_type=\"container\" data-e-type=\"container\">\n\t\t\t\t\t<div class=\"e-con-inner\">\n\t\t\t\t<div class=\"elementor-element elementor-element-c827e42 elementor-widget elementor-widget-heading\" data-id=\"c827e42\" data-element_type=\"widget\" data-e-type=\"widget\" data-widget_type=\"heading.default\">\n\t\t\t\t<div class=\"elementor-widget-container\">\n\t\t\t\t\t<h2 class=\"elementor-heading-title elementor-size-default\">Concept de mes cr\u00e9ations<\/h2>\t\t\t\t<\/div>\n\t\t\t\t<\/div>\n\t\t\t\t\t<\/div>\n\t\t\t\t<\/div>\n\t\t<div class=\"elementor-element elementor-element-a6522e3 e-flex e-con-boxed e-con e-parent\" data-id=\"a6522e3\" data-element_type=\"container\" data-e-type=\"container\">\n\t\t\t\t\t<div class=\"e-con-inner\">\n\t\t<div class=\"elementor-element elementor-element-d464a11 e-con-full e-flex e-con e-child\" data-id=\"d464a11\" data-element_type=\"container\" data-e-type=\"container\">\n\t\t\t\t<div class=\"elementor-element elementor-element-7f3f323 elementor-widget elementor-widget-image\" data-id=\"7f3f323\" data-element_type=\"widget\" data-e-type=\"widget\" data-widget_type=\"image.default\">\n\t\t\t\t<div class=\"elementor-widget-container\">\n\t\t\t\t\t\t\t\t\t\t\t\t\t\t\t\t<a href=\"https:\/\/mazdyncrea.com\/index.php\/categorie-produit\/fioles\/\">\n\t\t\t\t\t\t\t<img decoding=\"async\" src=\"https:\/\/mazdyncrea.com\/wp-content\/uploads\/elementor\/thumbs\/Fiole-Printemps-scaled-qmqumunntjhlnxonmlmhmjmfuux2hbz4ynk9x19vn4.jpg\" title=\"Fiole Printemps\" alt=\"Fiole Printemps\" loading=\"lazy\" \/>\t\t\t\t\t\t\t\t<\/a>\n\t\t\t\t\t\t\t\t\t\t\t\t\t\t\t<\/div>\n\t\t\t\t<\/div>\n\t\t\t\t<\/div>\n\t\t<div class=\"elementor-element elementor-element-094afa5 e-con-full e-flex e-con e-child\" data-id=\"094afa5\" data-element_type=\"container\" data-e-type=\"container\">\n\t\t\t\t<div class=\"elementor-element elementor-element-4d71fbc elementor-widget elementor-widget-spacer\" data-id=\"4d71fbc\" data-element_type=\"widget\" data-e-type=\"widget\" data-widget_type=\"spacer.default\">\n\t\t\t\t<div class=\"elementor-widget-container\">\n\t\t\t\t\t\t\t<div class=\"elementor-spacer\">\n\t\t\t<div class=\"elementor-spacer-inner\"><\/div>\n\t\t<\/div>\n\t\t\t\t\t\t<\/div>\n\t\t\t\t<\/div>\n\t\t\t\t<div class=\"elementor-element elementor-element-9ac634d elementor-widget elementor-widget-text-editor\" data-id=\"9ac634d\" data-element_type=\"widget\" data-e-type=\"widget\" data-widget_type=\"text-editor.default\">\n\t\t\t\t<div class=\"elementor-widget-container\">\n\t\t\t\t\t\t\t\t\t<p><strong>La conception des fioles<\/strong> s\u2019est faite alors que j\u2019avais des contenants en verre vides et jolis. Je voulais les r\u00e9utiliser. Je me suis dit, que cela pouvait faire quelque chose de sympa.<\/p><p>J\u2019ai imagin\u00e9 des fioles remplies avec de la r\u00e9sine, ce qui permettait de faire plusieurs \u00e9tages, afin de r\u00e9aliser des paysages et des univers. J\u2019avais quelques pierres et roches que je souhaitais mettre dedans. Ensuite, j\u2019ai utilis\u00e9 des encres, peintures et d\u00e9cos que j\u2019avais sous la main. Au fur et \u00e0 mesure, j\u2019ai cr\u00e9\u00e9 des fioles \u00e0 th\u00e8me.<\/p><p>Les fioles sont faites \u00e0 base de contenant en verre de r\u00e9cup (alcool, parfum, \u00e9pice, sauce, &#8230;). Une grande partie de la d\u00e9coration et des pigments provient \u00e9galement pour la grande majorit\u00e9 de r\u00e9cup. La r\u00e9sine et quelques mat\u00e9riaux sont achet\u00e9s. Je me tourne vers une r\u00e9sine \u00e9cologique, plus ch\u00e8re que la r\u00e9sine non-bio, mais plus respectueuse de la nature.<\/p><p>J\u2019aime ajouter un <strong>univers un peu magique, fantastique<\/strong> dans les fioles. Certaines fioles font plus potion magique que fiole d&rsquo;ailleurs \ud83d\ude09<\/p><p>Les fioles sont r\u00e9alis\u00e9es lorsque j\u2019ai assez de mat\u00e9riaux, de temps et d\u2019\u00e9nergie, mais surtout selon l\u2019inspiration.<\/p><p>Je tiens \u00e0 ce que <strong>mes fioles soient uniques<\/strong>, je n\u2019en fais donc pas deux pareilles. Des th\u00e8mes peuvent \u00eatre repris, mais chaque fiole est et restera unique.<\/p>\t\t\t\t\t\t\t\t<\/div>\n\t\t\t\t<\/div>\n\t\t\t\t<\/div>\n\t\t\t\t\t<\/div>\n\t\t\t\t<\/div>\n\t\t<div class=\"elementor-element elementor-element-fbec8fe e-flex e-con-boxed e-con e-parent\" data-id=\"fbec8fe\" data-element_type=\"container\" data-e-type=\"container\">\n\t\t\t\t\t<div class=\"e-con-inner\">\n\t\t<div class=\"elementor-element elementor-element-5991242 e-con-full e-flex e-con e-child\" data-id=\"5991242\" data-element_type=\"container\" data-e-type=\"container\">\n\t\t\t\t<div class=\"elementor-element elementor-element-39b21ac elementor-widget elementor-widget-spacer\" data-id=\"39b21ac\" data-element_type=\"widget\" data-e-type=\"widget\" data-widget_type=\"spacer.default\">\n\t\t\t\t<div class=\"elementor-widget-container\">\n\t\t\t\t\t\t\t<div class=\"elementor-spacer\">\n\t\t\t<div class=\"elementor-spacer-inner\"><\/div>\n\t\t<\/div>\n\t\t\t\t\t\t<\/div>\n\t\t\t\t<\/div>\n\t\t\t\t<div class=\"elementor-element elementor-element-a4fcd60 elementor-widget elementor-widget-text-editor\" data-id=\"a4fcd60\" data-element_type=\"widget\" data-e-type=\"widget\" data-widget_type=\"text-editor.default\">\n\t\t\t\t<div class=\"elementor-widget-container\">\n\t\t\t\t\t\t\t\t\t<p><strong>Pour les cartes inspirantes<\/strong>, je voulais lutter contre la positivit\u00e9 toxique. Il ne suffit pas de vouloir pour pouvoir. Il y a \u00e9galement une envie de partager des petites phrases qu\u2019on aimerait bien entendre.<\/p><p><strong>Tout le monde est diff\u00e9rent et avance \u00e0 son propre rythme<\/strong>. La soci\u00e9t\u00e9 est truff\u00e9e d\u2019injonctions, d\u2019in\u00e9galit\u00e9s, &#8230; En tant qu\u2019handie, personnellement, j\u2019ai souvent vu que la soci\u00e9t\u00e9, qui est validiste, nous impose de nous comporter comme des valides.<\/p><p><strong>Ces cartes sont uniques<\/strong>, afin de montrer que chacun est unique. Bien entendu, les th\u00e8mes sont parfois repris, mais la r\u00e9alisation, les couleurs vont \u00eatre diff\u00e9rentes.<\/p>\t\t\t\t\t\t\t\t<\/div>\n\t\t\t\t<\/div>\n\t\t\t\t<\/div>\n\t\t<div class=\"elementor-element elementor-element-589229f e-con-full e-flex e-con e-child\" data-id=\"589229f\" data-element_type=\"container\" data-e-type=\"container\">\n\t\t\t\t<div class=\"elementor-element elementor-element-4a937e4 elementor-widget elementor-widget-image\" data-id=\"4a937e4\" data-element_type=\"widget\" data-e-type=\"widget\" data-widget_type=\"image.default\">\n\t\t\t\t<div class=\"elementor-widget-container\">\n\t\t\t\t\t\t\t\t\t\t\t\t\t\t\t\t<a href=\"https:\/\/mazdyncrea.com\/index.php\/categorie-produit\/cartes-inspirantes\/\">\n\t\t\t\t\t\t\t<img fetchpriority=\"high\" decoding=\"async\" width=\"1024\" height=\"693\" src=\"https:\/\/mazdyncrea.com\/wp-content\/uploads\/2024\/04\/Carte-fais-de-ton-mieux-1-2-1024x693.jpg\" class=\"attachment-large size-large wp-image-207\" alt=\"\" srcset=\"https:\/\/mazdyncrea.com\/wp-content\/uploads\/2024\/04\/Carte-fais-de-ton-mieux-1-2-1024x693.jpg 1024w, https:\/\/mazdyncrea.com\/wp-content\/uploads\/2024\/04\/Carte-fais-de-ton-mieux-1-2-600x406.jpg 600w, https:\/\/mazdyncrea.com\/wp-content\/uploads\/2024\/04\/Carte-fais-de-ton-mieux-1-2-300x203.jpg 300w, https:\/\/mazdyncrea.com\/wp-content\/uploads\/2024\/04\/Carte-fais-de-ton-mieux-1-2-768x520.jpg 768w, https:\/\/mazdyncrea.com\/wp-content\/uploads\/2024\/04\/Carte-fais-de-ton-mieux-1-2-1536x1040.jpg 1536w, https:\/\/mazdyncrea.com\/wp-content\/uploads\/2024\/04\/Carte-fais-de-ton-mieux-1-2.jpg 1996w\" sizes=\"(max-width: 1024px) 100vw, 1024px\" \/>\t\t\t\t\t\t\t\t<\/a>\n\t\t\t\t\t\t\t\t\t\t\t\t\t\t\t<\/div>\n\t\t\t\t<\/div>\n\t\t\t\t<\/div>\n\t\t\t\t\t<\/div>\n\t\t\t\t<\/div>\n\t\t<div class=\"elementor-element elementor-element-12a97cb e-flex e-con-boxed e-con e-parent\" data-id=\"12a97cb\" data-element_type=\"container\" data-e-type=\"container\">\n\t\t\t\t\t<div class=\"e-con-inner\">\n\t\t<div class=\"elementor-element elementor-element-f418a26 e-con-full e-flex e-con e-child\" data-id=\"f418a26\" data-element_type=\"container\" data-e-type=\"container\">\n\t\t\t\t<div class=\"elementor-element elementor-element-f503b3d elementor-widget elementor-widget-image\" data-id=\"f503b3d\" data-element_type=\"widget\" data-e-type=\"widget\" data-widget_type=\"image.default\">\n\t\t\t\t<div class=\"elementor-widget-container\">\n\t\t\t\t\t\t\t\t\t\t\t\t\t\t\t<img decoding=\"async\" width=\"1024\" height=\"536\" src=\"https:\/\/mazdyncrea.com\/wp-content\/uploads\/2024\/04\/IMG_20200430_143104_453-1024x536.jpg\" class=\"attachment-large size-large wp-image-229\" alt=\"\" srcset=\"https:\/\/mazdyncrea.com\/wp-content\/uploads\/2024\/04\/IMG_20200430_143104_453-1024x536.jpg 1024w, https:\/\/mazdyncrea.com\/wp-content\/uploads\/2024\/04\/IMG_20200430_143104_453-300x157.jpg 300w, https:\/\/mazdyncrea.com\/wp-content\/uploads\/2024\/04\/IMG_20200430_143104_453-768x402.jpg 768w, https:\/\/mazdyncrea.com\/wp-content\/uploads\/2024\/04\/IMG_20200430_143104_453-1536x804.jpg 1536w, https:\/\/mazdyncrea.com\/wp-content\/uploads\/2024\/04\/IMG_20200430_143104_453-2048x1072.jpg 2048w, https:\/\/mazdyncrea.com\/wp-content\/uploads\/2024\/04\/IMG_20200430_143104_453-600x314.jpg 600w\" sizes=\"(max-width: 1024px) 100vw, 1024px\" \/>\t\t\t\t\t\t\t\t\t\t\t\t\t\t\t<\/div>\n\t\t\t\t<\/div>\n\t\t\t\t<div class=\"elementor-element elementor-element-bfa5467 elementor-widget elementor-widget-image\" data-id=\"bfa5467\" data-element_type=\"widget\" data-e-type=\"widget\" data-widget_type=\"image.default\">\n\t\t\t\t<div class=\"elementor-widget-container\">\n\t\t\t\t\t\t\t\t\t\t\t\t\t\t\t<img decoding=\"async\" width=\"1024\" height=\"683\" src=\"https:\/\/mazdyncrea.com\/wp-content\/uploads\/2024\/04\/Peluche-violette-1-1024x683.jpg\" class=\"attachment-large size-large wp-image-212\" alt=\"\" srcset=\"https:\/\/mazdyncrea.com\/wp-content\/uploads\/2024\/04\/Peluche-violette-1-1024x683.jpg 1024w, https:\/\/mazdyncrea.com\/wp-content\/uploads\/2024\/04\/Peluche-violette-1-scaled-600x400.jpg 600w, https:\/\/mazdyncrea.com\/wp-content\/uploads\/2024\/04\/Peluche-violette-1-300x200.jpg 300w, https:\/\/mazdyncrea.com\/wp-content\/uploads\/2024\/04\/Peluche-violette-1-768x512.jpg 768w, https:\/\/mazdyncrea.com\/wp-content\/uploads\/2024\/04\/Peluche-violette-1-1536x1024.jpg 1536w, https:\/\/mazdyncrea.com\/wp-content\/uploads\/2024\/04\/Peluche-violette-1-2048x1365.jpg 2048w\" sizes=\"(max-width: 1024px) 100vw, 1024px\" \/>\t\t\t\t\t\t\t\t\t\t\t\t\t\t\t<\/div>\n\t\t\t\t<\/div>\n\t\t\t\t<\/div>\n\t\t<div class=\"elementor-element elementor-element-6a1d406 e-con-full e-flex e-con e-child\" data-id=\"6a1d406\" data-element_type=\"container\" data-e-type=\"container\">\n\t\t\t\t<div class=\"elementor-element elementor-element-501313c elementor-widget elementor-widget-spacer\" data-id=\"501313c\" data-element_type=\"widget\" data-e-type=\"widget\" data-widget_type=\"spacer.default\">\n\t\t\t\t<div class=\"elementor-widget-container\">\n\t\t\t\t\t\t\t<div class=\"elementor-spacer\">\n\t\t\t<div class=\"elementor-spacer-inner\"><\/div>\n\t\t<\/div>\n\t\t\t\t\t\t<\/div>\n\t\t\t\t<\/div>\n\t\t\t\t<div class=\"elementor-element elementor-element-60c7875 elementor-widget elementor-widget-text-editor\" data-id=\"60c7875\" data-element_type=\"widget\" data-e-type=\"widget\" data-widget_type=\"text-editor.default\">\n\t\t\t\t<div class=\"elementor-widget-container\">\n\t\t\t\t\t\t\t\t\t<p>L\u2019id\u00e9e <strong>des peluches solidaires<\/strong> m&rsquo;est venue par mon chien, <strong>Holly<\/strong>.<\/p><p>Holly vient d\u2019un refuge et il a subi des mauvais traitements. Il avait du mal \u00e0 g\u00e9rer ses \u00e9motions, on ne pouvait pas aller aux toilettes sans qu\u2019il ne pleure (sentiment d\u2019abandon). On a mis du temps \u00e0 pouvoir le toucher et le caresser. Il avait un comportement d\u2019un chien non sevr\u00e9. Il faisait ses dents sur mes bras (bonjour les bleus !). Il refusait les jouets \u00e0 m\u00e2cher en plastique ou bois chewies. J\u2019ai donc <strong>con\u00e7u une \u00e9norme peluche dure<\/strong>. J\u2019ai utilis\u00e9 des chutes de tissus. Pour ce qui est de la bourre, elle est \u00e9galement constitu\u00e9e de chutes de tissus ainsi que de diverses autres mati\u00e8res sans danger pour les chiens.<\/p><p>Il l\u2019a tout de suite adopt\u00e9e !<\/p><p>\u00c9tant donn\u00e9 que <strong>je faisais des actions pour les animaux<\/strong> et que je ne peux plus en faire \u00e0 cause de mon \u00e9tat de sant\u00e9, je me suis dit que j\u2019allais proposer ces peluches. <strong>Les fonds r\u00e9colt\u00e9s seront pour une association<\/strong>, un refuge de votre choix et <strong>pour la r\u00e9\u00e9ducation de mon chien<\/strong>. \u00c0 causes des mauvais traitements qu&rsquo;il a subi, il doit avoir recours \u00e0 de la r\u00e9\u00e9ducation.<\/p><p>Vous pouvez dormir avec la peluche afin qu\u2019elle prenne votre odeur.<\/p><p>Gr\u00e2ce \u00e0 ce jouet, quand votre chien est \u00e9nerv\u00e9, il va prendre cette peluche qu\u2019il pourra pincer, mordre&#8230; bref se d\u00e9fouler dessus. Holly la prend parfois juste pour la l\u00e9cher ou dormir avec pr\u00e8s de lui, comme un doudou qui le r\u00e9conforte.<\/p>\t\t\t\t\t\t\t\t<\/div>\n\t\t\t\t<\/div>\n\t\t\t\t<\/div>\n\t\t\t\t\t<\/div>\n\t\t\t\t<\/div>\n\t\t<div class=\"elementor-element elementor-element-58ae12c e-flex e-con-boxed e-con e-parent\" data-id=\"58ae12c\" data-element_type=\"container\" data-e-type=\"container\">\n\t\t\t\t\t<div class=\"e-con-inner\">\n\t\t\t\t<div class=\"elementor-element elementor-element-57edbc5 elementor-widget elementor-widget-text-editor\" data-id=\"57edbc5\" data-element_type=\"widget\" data-e-type=\"widget\" data-widget_type=\"text-editor.default\">\n\t\t\t\t<div class=\"elementor-widget-container\">\n\t\t\t\t\t\t\t\t\t<p><strong>Attention :<\/strong> les peluches ne sont pas faites pour les chiens qui d\u00e9truisent leur peluche\/jouet. Ces peluches (surtout les grandes) p\u00e8sent leur poids. (Fact : Mon chien me la d\u00e9j\u00e0 lanc\u00e9e sur moi et \u00e7a ne fait pas du bien) !<\/p>\t\t\t\t\t\t\t\t<\/div>\n\t\t\t\t<\/div>\n\t\t\t\t\t<\/div>\n\t\t\t\t<\/div>\n\t\t\t\t<\/div>\n\t\t","protected":false},"excerpt":{"rendered":"<p>Qui suis-je ? Moi, c\u2019est Mazdyn alias Mandy. Je suis une femme handie de 30 ans. Avec ma sant\u00e9, j\u2019ai d\u00fb changer plusieurs fois de projet pour la vie active. J\u2019ai une licence art de la sc\u00e8ne, un D.U de musicoth\u00e9rapeute clinicienne. Ma derni\u00e8re crise m\u2019a contraint \u00e0 arr\u00eater un m\u00e9tier que j\u2019aimais. J\u2019ai cherch\u00e9 [&hellip;]<\/p>\n","protected":false},"author":1,"featured_media":0,"parent":0,"menu_order":0,"comment_status":"closed","ping_status":"closed","template":"","meta":{"footnotes":""},"class_list":["post-83","page","type-page","status-publish","hentry","entry","owp-thumbs-layout-horizontal","owp-btn-normal","owp-tabs-layout-horizontal","has-no-thumbnails","has-product-nav","circle-sale"],"_links":{"self":[{"href":"https:\/\/mazdyncrea.com\/index.php\/wp-json\/wp\/v2\/pages\/83","targetHints":{"allow":["GET"]}}],"collection":[{"href":"https:\/\/mazdyncrea.com\/index.php\/wp-json\/wp\/v2\/pages"}],"about":[{"href":"https:\/\/mazdyncrea.com\/index.php\/wp-json\/wp\/v2\/types\/page"}],"author":[{"embeddable":true,"href":"https:\/\/mazdyncrea.com\/index.php\/wp-json\/wp\/v2\/users\/1"}],"replies":[{"embeddable":true,"href":"https:\/\/mazdyncrea.com\/index.php\/wp-json\/wp\/v2\/comments?post=83"}],"version-history":[{"count":100,"href":"https:\/\/mazdyncrea.com\/index.php\/wp-json\/wp\/v2\/pages\/83\/revisions"}],"predecessor-version":[{"id":1084,"href":"https:\/\/mazdyncrea.com\/index.php\/wp-json\/wp\/v2\/pages\/83\/revisions\/1084"}],"wp:attachment":[{"href":"https:\/\/mazdyncrea.com\/index.php\/wp-json\/wp\/v2\/media?parent=83"}],"curies":[{"name":"wp","href":"https:\/\/api.w.org\/{rel}","templated":true}]}}